{"id":98,"date":"2026-02-07T14:22:09","date_gmt":"2026-02-07T14:22:09","guid":{"rendered":"https:\/\/www.cheverny2026.fr\/?page_id=98"},"modified":"2026-02-07T14:22:09","modified_gmt":"2026-02-07T14:22:09","slug":"marie-christine-lebert","status":"publish","type":"page","link":"https:\/\/www.cheverny2026.fr\/index.php\/marie-christine-lebert\/","title":{"rendered":"Marie-Christine LEBERT"},"content":{"rendered":"\n<div class=\"wp-block-columns is-layout-flex wp-container-core-columns-is-layout-28f84493 wp-block-columns-is-layout-flex\">\n<div class=\"wp-block-column is-layout-flow wp-block-column-is-layout-flow\">\n<figure class=\"wp-block-image size-full\"><img loading=\"lazy\" decoding=\"async\" width=\"1024\" height=\"768\" src=\"http:\/\/www.cheverny2026.fr\/wp-content\/uploads\/2026\/02\/11-1.png\" alt=\"\" class=\"wp-image-55\" srcset=\"https:\/\/www.cheverny2026.fr\/wp-content\/uploads\/2026\/02\/11-1.png 1024w, https:\/\/www.cheverny2026.fr\/wp-content\/uploads\/2026\/02\/11-1-300x225.png 300w, https:\/\/www.cheverny2026.fr\/wp-content\/uploads\/2026\/02\/11-1-768x576.png 768w\" sizes=\"auto, (max-width: 1024px) 100vw, 1024px\" \/><\/figure>\n<\/div>\n\n\n\n<div class=\"wp-block-column is-layout-flow wp-block-column-is-layout-flow\">\n<div style=\"height:100px\" aria-hidden=\"true\" class=\"wp-block-spacer\"><\/div>\n\n\n\n<p class=\"has-large-font-size\"><strong>Marie-Christine LEBERT<\/strong><\/p>\n\n\n\n<p>En couple<\/p>\n\n\n\n<p>2 enfants<\/p>\n\n\n\n<p>Administratrice Wordline<\/p>\n<\/div>\n<\/div>\n\n\n\n<div style=\"height:30px\" aria-hidden=\"true\" class=\"wp-block-spacer\"><\/div>\n\n\n\n<p>Tr\u00e8s attach\u00e9e \u00e0 la pr\u00e9servation de la qualit\u00e9 de notre cadre de vie Chevernois, \u00e0 son dynamisme culturel reconnu, sensible \u00e0 la pr\u00e9servation de notre patrimoine, de nos paysages, consciente d\u2019enjeux \u00e9cologiques qui s\u2019imposent, je suis pr\u00eate \u00e0 mettre la main \u00e0 la p\u00e2te pour contribuer \u00e0 un  d\u00e9veloppement harmonieux et raisonn\u00e9.<\/p>\n\n\n\n<p>En retraite tr\u00e8s prochainement, je serai heureuse de mettre mon \u00e9nergie et mes comp\u00e9tences au service d\u2019un projet collectif porteur de valeurs d\u2019\u00e9coute, de proximit\u00e9 et d\u2019action. Objectif : que Cheverny se p\u00e9rennise comme vivante, accueillante et solidaire, dans une construction qui fait toute sa place \u00e0 la participation collective.<\/p>\n\n\n\n<p>J\u2019aime l\u2019id\u00e9e de travailler en confiance, dans une \u00e9quipe qui fait avancer de beaux projets existants \u2013 le tiers lieux et ses belles promesses de formidable lieu de vie en local par exemple &#8211; mais aussi de nouveaux projets.<\/p>\n\n\n\n<p>Je suis passionn\u00e9e par \u2013 en vrac \u2013 la permaculture \u2013 plut\u00f4t potag\u00e8re mais pas que &#8211; la litt\u00e9rature ( Polars, BD mais pas que ..), la randonn\u00e9e, le ping, le VTT mais j\u2019aime aussi aussi l\u00e9zarder, \u00e9couter les oiseaux et partager de bons moments en famille et entre amis \u2026<\/p>\n","protected":false},"excerpt":{"rendered":"<p>Marie-Christine LEBERT En couple 2 enfants Administratrice Wordline Tr\u00e8s attach\u00e9e \u00e0 la pr\u00e9servation de la qualit\u00e9 de notre cadre de vie Chevernois, \u00e0 son dynamisme culturel reconnu, sensible \u00e0 la pr\u00e9servation de notre patrimoine, de nos paysages, consciente d\u2019enjeux \u00e9cologiques qui s\u2019imposent, je suis pr\u00eate \u00e0 mettre la main \u00e0 la p\u00e2te pour contribuer \u00e0 [&hellip;]<\/p>\n","protected":false},"author":1,"featured_media":0,"parent":0,"menu_order":0,"comment_status":"closed","ping_status":"closed","template":"","meta":{"footnotes":""},"class_list":["post-98","page","type-page","status-publish","hentry"],"_links":{"self":[{"href":"https:\/\/www.cheverny2026.fr\/index.php\/wp-json\/wp\/v2\/pages\/98","targetHints":{"allow":["GET"]}}],"collection":[{"href":"https:\/\/www.cheverny2026.fr\/index.php\/wp-json\/wp\/v2\/pages"}],"about":[{"href":"https:\/\/www.cheverny2026.fr\/index.php\/wp-json\/wp\/v2\/types\/page"}],"author":[{"embeddable":true,"href":"https:\/\/www.cheverny2026.fr\/index.php\/wp-json\/wp\/v2\/users\/1"}],"replies":[{"embeddable":true,"href":"https:\/\/www.cheverny2026.fr\/index.php\/wp-json\/wp\/v2\/comments?post=98"}],"version-history":[{"count":1,"href":"https:\/\/www.cheverny2026.fr\/index.php\/wp-json\/wp\/v2\/pages\/98\/revisions"}],"predecessor-version":[{"id":99,"href":"https:\/\/www.cheverny2026.fr\/index.php\/wp-json\/wp\/v2\/pages\/98\/revisions\/99"}],"wp:attachment":[{"href":"https:\/\/www.cheverny2026.fr\/index.php\/wp-json\/wp\/v2\/media?parent=98"}],"curies":[{"name":"wp","href":"https:\/\/api.w.org\/{rel}","templated":true}]}}