{"id":70,"date":"2026-02-07T13:57:14","date_gmt":"2026-02-07T13:57:14","guid":{"rendered":"https:\/\/www.cheverny2026.fr\/?page_id=70"},"modified":"2026-02-07T14:18:23","modified_gmt":"2026-02-07T14:18:23","slug":"andrea-alibert","status":"publish","type":"page","link":"https:\/\/www.cheverny2026.fr\/index.php\/andrea-alibert\/","title":{"rendered":"Andr\u00e9a ALIBERT"},"content":{"rendered":"\n<div class=\"wp-block-columns is-layout-flex wp-container-core-columns-is-layout-28f84493 wp-block-columns-is-layout-flex\">\n<div class=\"wp-block-column is-layout-flow wp-block-column-is-layout-flow\">\n<figure class=\"wp-block-image size-full\"><img loading=\"lazy\" decoding=\"async\" width=\"1024\" height=\"768\" src=\"http:\/\/www.cheverny2026.fr\/wp-content\/uploads\/2026\/02\/3-1.png\" alt=\"\" class=\"wp-image-47\" srcset=\"https:\/\/www.cheverny2026.fr\/wp-content\/uploads\/2026\/02\/3-1.png 1024w, https:\/\/www.cheverny2026.fr\/wp-content\/uploads\/2026\/02\/3-1-300x225.png 300w, https:\/\/www.cheverny2026.fr\/wp-content\/uploads\/2026\/02\/3-1-768x576.png 768w\" sizes=\"auto, (max-width: 1024px) 100vw, 1024px\" \/><\/figure>\n<\/div>\n\n\n\n<div class=\"wp-block-column is-layout-flow wp-block-column-is-layout-flow\">\n<div style=\"height:100px\" aria-hidden=\"true\" class=\"wp-block-spacer\"><\/div>\n\n\n\n<p class=\"has-large-font-size\"><strong>Andr\u00e9a ALIBERT<\/strong><\/p>\n\n\n\n<p>25 ans, en couple<\/p>\n\n\n\n<p>Caviste &#8211; barmaid<\/p>\n<\/div>\n<\/div>\n\n\n\n<div style=\"height:30px\" aria-hidden=\"true\" class=\"wp-block-spacer\"><\/div>\n\n\n\n<p>Chevernoise depuis deux ans et demi maintenant, j\u2019ai eu la chance de travailler ces cinq derni\u00e8res ann\u00e9es \u00e0 la Maison des Vins de Cheverny. Cette exp\u00e9rience, pleinement ancr\u00e9e dans la vie locale, m\u2019a permis de rencontrer bons nombres d\u2019habitants locaux, d\u2019\u00e9changer avec les acteurs du territoire et de renforcer jour apr\u00e8s jour mon attachement \u00e0 notre village, \u00e0 son patrimoine, \u00e0 son identit\u00e9 et \u00e0 son dynamisme.<\/p>\n\n\n\n<p>Issue d\u2019une formation en viticulture et \u0153nologie, j\u2019ai toujours port\u00e9 un regard attentif sur notre territoire, son appellation et tout ce qui fait la richesse du vignoble de Cheverny. Ce lien profond avec la terre, je le dois aussi \u00e0 ma famille. Mon p\u00e8re, paysagiste et passionn\u00e9 par les m\u00e9tiers du vivant, m\u2019a transmis d\u00e8s mon plus jeune \u00e2ge le go\u00fbt de la nature, du travail bien fait, du respect des paysages et de la biodiversit\u00e9. Gr\u00e2ce \u00e0 lui, j\u2019ai d\u00e9couvert la viticulture, l\u2019agriculture, le paysagisme et l\u2019importance de pr\u00e9server ce qui nous entoure. Tr\u00e8s attach\u00e9e \u00e0 ces corps de m\u00e9tiers qui sont pour moi essentiels, ce sont ces valeurs qui guident mon engagement.<\/p>\n\n\n\n<p>M\u2019installer \u00e0 Cheverny et devenir propri\u00e9taire ici, \u00e0 mon \u00e2ge, repr\u00e9sente pour moi une immense fiert\u00e9. J\u2019ai trouv\u00e9 dans ce village bien plus qu\u2019un simple lieu de r\u00e9sidence : un cadre de vie \u00e9quilibr\u00e9, des habitants chaleureux, un patrimoine remarquable et une qualit\u00e9 de vie unique. Je suis profond\u00e9ment reconnaissante de pouvoir vivre dans une commune o\u00f9 il fait bon vivre, se promener, \u00e9changer, s\u2019investir et construire des projets. Cette installation durable renforce mon envie d\u2019\u0153uvrer pour le d\u00e9veloppement de Cheverny et de contribuer, \u00e0 mon \u00e9chelle, \u00e0 son avenir.<\/p>\n\n\n\n<p>J\u2019aime la nature, les beaux b\u00e2timents et tout ce qui touche \u00e0 la r\u00e9novation et \u00e0 la mise en valeur des espaces. Je suis convaincue que pr\u00e9server notre patrimoine, qu\u2019il soit b\u00e2ti, naturel ou culturel, est un enjeu essentiel pour maintenir l\u2019identit\u00e9 si particuli\u00e8re de Cheverny. C\u2019est aussi une formidable opportunit\u00e9 d\u2019attirer, de dynamiser et de f\u00e9d\u00e9rer les habitants autour de projets communs.<\/p>\n\n\n\n<p>C\u2019est dans cet esprit que je souhaite aujourd\u2019hui rejoindre le conseil municipal. Je veux mettre \u00e0 profit mes comp\u00e9tences, mon enthousiasme et mon envie sinc\u00e8re d\u2019agir au service de celles et ceux qui vivent ici. Mon objectif est clair : accompagner le d\u00e9veloppement harmonieux de Cheverny, valoriser ce qui fait sa singularit\u00e9 et soutenir toutes les initiatives qui renforcent son attractivit\u00e9, tout en demeurant fid\u00e8le \u00e0 son histoire et \u00e0 son \u00e2me.<\/p>\n\n\n\n<p>Je souhaite participer \u00e0 une commune vivante, respectueuse de ses racines et tourn\u00e9e vers l\u2019avenir. Une commune qui offre un cadre de vie agr\u00e9able, o\u00f9 chacun peut s\u2019\u00e9panouir et trouver sa place. Une commune o\u00f9 la nature, le patrimoine et la convivialit\u00e9 restent des priorit\u00e9s<\/p>\n","protected":false},"excerpt":{"rendered":"<p>Andr\u00e9a ALIBERT 25 ans, en couple Caviste &#8211; barmaid Chevernoise depuis deux ans et demi maintenant, j\u2019ai eu la chance de travailler ces cinq derni\u00e8res ann\u00e9es \u00e0 la Maison des Vins de Cheverny. Cette exp\u00e9rience, pleinement ancr\u00e9e dans la vie locale, m\u2019a permis de rencontrer bons nombres d\u2019habitants locaux, d\u2019\u00e9changer avec les acteurs du territoire [&hellip;]<\/p>\n","protected":false},"author":1,"featured_media":0,"parent":0,"menu_order":0,"comment_status":"closed","ping_status":"closed","template":"","meta":{"footnotes":""},"class_list":["post-70","page","type-page","status-publish","hentry"],"_links":{"self":[{"href":"https:\/\/www.cheverny2026.fr\/index.php\/wp-json\/wp\/v2\/pages\/70","targetHints":{"allow":["GET"]}}],"collection":[{"href":"https:\/\/www.cheverny2026.fr\/index.php\/wp-json\/wp\/v2\/pages"}],"about":[{"href":"https:\/\/www.cheverny2026.fr\/index.php\/wp-json\/wp\/v2\/types\/page"}],"author":[{"embeddable":true,"href":"https:\/\/www.cheverny2026.fr\/index.php\/wp-json\/wp\/v2\/users\/1"}],"replies":[{"embeddable":true,"href":"https:\/\/www.cheverny2026.fr\/index.php\/wp-json\/wp\/v2\/comments?post=70"}],"version-history":[{"count":2,"href":"https:\/\/www.cheverny2026.fr\/index.php\/wp-json\/wp\/v2\/pages\/70\/revisions"}],"predecessor-version":[{"id":95,"href":"https:\/\/www.cheverny2026.fr\/index.php\/wp-json\/wp\/v2\/pages\/70\/revisions\/95"}],"wp:attachment":[{"href":"https:\/\/www.cheverny2026.fr\/index.php\/wp-json\/wp\/v2\/media?parent=70"}],"curies":[{"name":"wp","href":"https:\/\/api.w.org\/{rel}","templated":true}]}}