{"id":133,"date":"2026-02-07T15:20:40","date_gmt":"2026-02-07T15:20:40","guid":{"rendered":"https:\/\/www.cheverny2026.fr\/?page_id=133"},"modified":"2026-02-09T18:09:42","modified_gmt":"2026-02-09T18:09:42","slug":"profession-de-foi","status":"publish","type":"page","link":"https:\/\/www.cheverny2026.fr\/index.php\/profession-de-foi\/","title":{"rendered":"Notre programme"},"content":{"rendered":"\n<div class=\"wp-block-group alignfull is-style-default has-pure-white-background-color has-background has-global-padding is-layout-constrained wp-container-core-group-is-layout-44659183 wp-block-group-is-layout-constrained\" style=\"border-style:none;border-width:0px;min-height:0px;padding-top:var(--wp--preset--spacing--x-large);padding-right:var(--wp--preset--spacing--x-small);padding-bottom:var(--wp--preset--spacing--x-large);padding-left:var(--wp--preset--spacing--x-small)\">\n<div class=\"wp-block-columns is-layout-flex wp-container-core-columns-is-layout-28f84493 wp-block-columns-is-layout-flex\">\n<div class=\"wp-block-column is-layout-flow wp-block-column-is-layout-flow\" style=\"flex-basis:25%\"><\/div>\n\n\n\n<div class=\"wp-block-column is-layout-flow wp-block-column-is-layout-flow\" style=\"flex-basis:50%\">\n<h3 class=\"wp-block-heading has-text-align-center has-primary-color has-text-color has-link-color has-xx-large-font-size wp-elements-489d5acb6fc1ffc38972bbb646c49643\" style=\"font-style:normal;font-weight:700;line-height:1.3\">Nos projets pour les 6 ann\u00e9es \u00e0 venir<\/h3>\n\n\n\n<p class=\"has-text-align-center has-accent-color has-text-color has-link-color has-medium-font-size wp-elements-80e8f3d3fa13e80b85c17ed02f325f8b\">Ce programme non exhaustif vous permettra de mieux comprendre la d\u00e9marche de notre \u00e9quipe, il propose 55 engagements regroup\u00e9s en 10 th\u00e8mes que nous r\u00e9aliserons durant le mandat.<\/p>\n\n\n\n<p class=\"has-text-align-center has-medium-font-size\">Venez nous rencontrer lors de notre r\u00e9union publique <strong>le jeudi 5 mars 2026, \u00e0 19h \u00e0 la salle des f\u00eates<\/strong> de Cheverny.<\/p>\n<\/div>\n\n\n\n<div class=\"wp-block-column is-layout-flow wp-block-column-is-layout-flow\" style=\"flex-basis:25%\"><\/div>\n<\/div>\n\n\n\n<div class=\"wp-block-columns is-style-default is-layout-flex wp-container-core-columns-is-layout-28f84493 wp-block-columns-is-layout-flex\" style=\"border-style:none;border-width:0px;border-top-left-radius:0px;border-top-right-radius:0px;border-bottom-left-radius:0px;border-bottom-right-radius:0px\">\n<div class=\"wp-block-column is-style-ct-box-shadow is-layout-flow wp-block-column-is-layout-flow\" style=\"padding-top:var(--wp--preset--spacing--x-small);padding-right:var(--wp--preset--spacing--x-small);padding-bottom:var(--wp--preset--spacing--x-small);padding-left:var(--wp--preset--spacing--x-small)\">\n<div class=\"wp-block-group is-nowrap is-layout-flex wp-container-core-group-is-layout-6c531013 wp-block-group-is-layout-flex\">\n<figure class=\"wp-block-image size-full is-resized is-style-default\" style=\"margin-bottom:14px\"><img loading=\"lazy\" decoding=\"async\" width=\"512\" height=\"512\" src=\"https:\/\/www.cheverny2026.fr\/wp-content\/uploads\/2026\/02\/handshake.png\" alt=\"\" class=\"wp-image-136\" style=\"object-fit:cover;width:60px\" srcset=\"https:\/\/www.cheverny2026.fr\/wp-content\/uploads\/2026\/02\/handshake.png 512w, https:\/\/www.cheverny2026.fr\/wp-content\/uploads\/2026\/02\/handshake-300x300.png 300w, https:\/\/www.cheverny2026.fr\/wp-content\/uploads\/2026\/02\/handshake-150x150.png 150w\" sizes=\"auto, (max-width: 512px) 100vw, 512px\" \/><\/figure>\n\n\n\n<p class=\"has-primary-color has-text-color has-link-color has-large-font-size wp-elements-e3b3b1abbb258c0f83c4ee7d920d7d4a\"><strong>Vie municipale<\/strong><\/p>\n<\/div>\n\n\n\n<h5 class=\"wp-block-heading has-medium-font-size\" style=\"font-style:normal;font-weight:600\"><em>D\u00e9velopper la relation \u00e9lus \/ administr\u00e9s \/ employ\u00e9s communaux<\/em><\/h5>\n\n\n\n<p class=\"has-accent-color has-text-color has-link-color has-x-small-font-size wp-elements-22432c991f7d0831d1032829bf317bd8\" style=\"line-height:1.8\"><strong>Accueillir et communiquer<\/strong><\/p>\n\n\n\n<ul class=\"wp-block-list\">\n<li class=\"has-x-small-font-size\">Publier r\u00e9guli\u00e8rement un bulletin municipal permettant \u00e0 tous de suivre la vie de la commune<\/li>\n\n\n\n<li class=\"has-x-small-font-size\">D\u00e9velopper et enrichir le site internet<\/li>\n\n\n\n<li class=\"has-x-small-font-size\">D\u00e9velopper et promouvoir l\u2019application Panneau-Pocket<\/li>\n\n\n\n<li class=\"has-x-small-font-size\">Publier un rapport d\u2019activit\u00e9 tous les ans<\/li>\n<\/ul>\n\n\n\n<p class=\"has-x-small-font-size\"><strong>Informer et partager<\/strong><\/p>\n\n\n\n<ul class=\"wp-block-list\">\n<li class=\"has-x-small-font-size\">Inciter les habitants \u00e0 participer activement \u00e0 la vie de la commune, en publiant la date des conseils municipaux dans la presse, sur panneau-pocket et sur le site internet<\/li>\n\n\n\n<li class=\"has-x-small-font-size\">Organiser des r\u00e9unions publiques r\u00e9guli\u00e8rement<\/li>\n\n\n\n<li class=\"has-x-small-font-size\">Associer les habitants aux projets structurants<\/li>\n\n\n\n<li class=\"has-x-small-font-size\">Maintenir et conforter un conseil des jeunes<\/li>\n<\/ul>\n\n\n\n<p class=\"has-x-small-font-size\"><strong>S\u2019adapter et former<\/strong><\/p>\n\n\n\n<ul class=\"wp-block-list\">\n<li class=\"has-x-small-font-size\">Renforcer le plan hivernal et mettre en place des astreintes afin de r\u00e9agir plus rapidement en cas d\u2019intemp\u00e9ries<\/li>\n\n\n\n<li class=\"has-x-small-font-size\">P\u00e9renniser le planning des t\u00e2ches du personnel communal et leur permettre de suivre des formations afin d\u2019\u00e9voluer professionnellement<\/li>\n<\/ul>\n\n\n\n<div style=\"height:10px\" aria-hidden=\"true\" class=\"wp-block-spacer\"><\/div>\n\n\n\n<hr class=\"wp-block-separator has-alpha-channel-opacity\"\/>\n\n\n\n<div style=\"height:10px\" aria-hidden=\"true\" class=\"wp-block-spacer\"><\/div>\n\n\n\n<div class=\"wp-block-group is-nowrap is-layout-flex wp-container-core-group-is-layout-6c531013 wp-block-group-is-layout-flex\">\n<figure class=\"wp-block-image size-full is-resized\" style=\"margin-bottom:15px\"><img loading=\"lazy\" decoding=\"async\" width=\"512\" height=\"512\" src=\"https:\/\/www.cheverny2026.fr\/wp-content\/uploads\/2026\/02\/road.png\" alt=\"\" class=\"wp-image-137\" style=\"width:60px\" srcset=\"https:\/\/www.cheverny2026.fr\/wp-content\/uploads\/2026\/02\/road.png 512w, https:\/\/www.cheverny2026.fr\/wp-content\/uploads\/2026\/02\/road-300x300.png 300w, https:\/\/www.cheverny2026.fr\/wp-content\/uploads\/2026\/02\/road-150x150.png 150w\" sizes=\"auto, (max-width: 512px) 100vw, 512px\" \/><\/figure>\n\n\n\n<h2 class=\"wp-block-heading has-primary-color has-text-color has-link-color has-large-font-size wp-elements-88e80647f7f8b5351584419af0c7a3b8\">Gestion de la voirie<\/h2>\n<\/div>\n\n\n\n<h5 class=\"wp-block-heading has-medium-font-size\" style=\"font-style:normal;font-weight:600\"><em>S\u00e9curiser et maintenir l&#8217;acquis<\/em><\/h5>\n\n\n\n<ul class=\"wp-block-list\">\n<li class=\"has-x-small-font-size\">Entretenir r\u00e9guli\u00e8rement les voiries, foss\u00e9s et chemins ruraux<\/li>\n\n\n\n<li class=\"has-x-small-font-size\">S\u00e9curiser les zones dangereuses<\/li>\n\n\n\n<li class=\"has-x-small-font-size\">Am\u00e9liorer la circulation et favoriser les circulations douces (pi\u00e9tons, cyclistes)<\/li>\n\n\n\n<li class=\"has-x-small-font-size\">Favoriser le co-voiturage<\/li>\n<\/ul>\n\n\n\n<div style=\"height:10px\" aria-hidden=\"true\" class=\"wp-block-spacer\"><\/div>\n\n\n\n<hr class=\"wp-block-separator has-alpha-channel-opacity\"\/>\n\n\n\n<div style=\"height:10px\" aria-hidden=\"true\" class=\"wp-block-spacer\"><\/div>\n\n\n\n<div class=\"wp-block-group is-nowrap is-layout-flex wp-container-core-group-is-layout-6c531013 wp-block-group-is-layout-flex\">\n<figure class=\"wp-block-image size-full is-resized\" style=\"margin-bottom:15px\"><img loading=\"lazy\" decoding=\"async\" width=\"512\" height=\"512\" src=\"https:\/\/www.cheverny2026.fr\/wp-content\/uploads\/2026\/02\/building.png\" alt=\"\" class=\"wp-image-139\" style=\"width:60px\" srcset=\"https:\/\/www.cheverny2026.fr\/wp-content\/uploads\/2026\/02\/building.png 512w, https:\/\/www.cheverny2026.fr\/wp-content\/uploads\/2026\/02\/building-300x300.png 300w, https:\/\/www.cheverny2026.fr\/wp-content\/uploads\/2026\/02\/building-150x150.png 150w\" sizes=\"auto, (max-width: 512px) 100vw, 512px\" \/><\/figure>\n\n\n\n<h2 class=\"wp-block-heading has-primary-color has-text-color has-link-color has-large-font-size wp-elements-e4638934d6850102bb62b2468fe953a4\">Urbanisme<\/h2>\n<\/div>\n\n\n\n<h5 class=\"wp-block-heading has-medium-font-size\" style=\"font-style:normal;font-weight:600\"><em><em>Assurer un d\u00e9veloppement mesur\u00e9 et harmonieux<\/em><\/em><\/h5>\n\n\n\n<ul class=\"wp-block-list\">\n<li class=\"has-x-small-font-size\">Respecter et faire respecter notre patrimoine b\u00e2ti et naturel<\/li>\n\n\n\n<li class=\"has-x-small-font-size\">Assurer un d\u00e9veloppement harmonieux de la commune<\/li>\n\n\n\n<li class=\"has-x-small-font-size\">Am\u00e9nager \u00e0 proximit\u00e9 du bourg un \u00e9co-quartier favorisant le vivre ensemble, offrant des logements pour tous (jeunes, familles, s\u00e9niors, saisonniers)<\/li>\n\n\n\n<li class=\"has-x-small-font-size\">Accompagner les habitants dans leur projet immobilier (permanences en mairie)<\/li>\n<\/ul>\n\n\n\n<div style=\"height:10px\" aria-hidden=\"true\" class=\"wp-block-spacer\"><\/div>\n\n\n\n<hr class=\"wp-block-separator has-alpha-channel-opacity\"\/>\n\n\n\n<div style=\"height:10px\" aria-hidden=\"true\" class=\"wp-block-spacer\"><\/div>\n\n\n\n<div style=\"height:10px\" aria-hidden=\"true\" class=\"wp-block-spacer\"><\/div>\n\n\n\n<div class=\"wp-block-group is-nowrap is-layout-flex wp-container-core-group-is-layout-6c531013 wp-block-group-is-layout-flex\">\n<figure class=\"wp-block-image size-full is-resized\" style=\"margin-bottom:15px\"><img loading=\"lazy\" decoding=\"async\" width=\"512\" height=\"512\" src=\"https:\/\/www.cheverny2026.fr\/wp-content\/uploads\/2026\/02\/plant.png\" alt=\"\" class=\"wp-image-144\" style=\"width:60px\" srcset=\"https:\/\/www.cheverny2026.fr\/wp-content\/uploads\/2026\/02\/plant.png 512w, https:\/\/www.cheverny2026.fr\/wp-content\/uploads\/2026\/02\/plant-300x300.png 300w, https:\/\/www.cheverny2026.fr\/wp-content\/uploads\/2026\/02\/plant-150x150.png 150w\" sizes=\"auto, (max-width: 512px) 100vw, 512px\" \/><\/figure>\n\n\n\n<h2 class=\"wp-block-heading has-primary-color has-text-color has-link-color has-large-font-size wp-elements-edf0e17962f71ed001ea533336ac9d90\">Environnement<\/h2>\n<\/div>\n\n\n\n<h5 class=\"wp-block-heading has-medium-font-size\" style=\"font-style:normal;font-weight:600\"><em><em><em><em><em>Recycler, harmoniser et propret\u00e9<\/em><\/em><\/em><\/em><\/em><\/h5>\n\n\n\n<ul class=\"wp-block-list\">\n<li class=\"has-x-small-font-size\">Pr\u00e9server le bon \u00e9quilibre de Cheverny : \u00eatre vigilant sur les projets d\u2019investissements et leurs cons\u00e9quences<\/li>\n\n\n\n<li class=\"has-x-small-font-size\">P\u00e9renniser la participation au concours \u00abVilles et villages fleuris\u00bb<\/li>\n\n\n\n<li class=\"has-x-small-font-size\">Assurer la protection de la biodiversit\u00e9 sur l\u2019ensemble de la commune via plusieurs dispositifs (Territoire engag\u00e9 pour la nature, Village \u00e9toil\u00e9, Territoire bio-engag\u00e9..)<\/li>\n\n\n\n<li class=\"has-x-small-font-size\">Favoriser l\u2019installation de r\u00e9cup\u00e9rateurs d\u2019eau de pluie (achat group\u00e9)<\/li>\n<\/ul>\n\n\n\n<div style=\"height:10px\" aria-hidden=\"true\" class=\"wp-block-spacer\"><\/div>\n\n\n\n<hr class=\"wp-block-separator has-alpha-channel-opacity\"\/>\n\n\n\n<div style=\"height:10px\" aria-hidden=\"true\" class=\"wp-block-spacer\"><\/div>\n\n\n\n<div class=\"wp-block-group is-nowrap is-layout-flex wp-container-core-group-is-layout-6c531013 wp-block-group-is-layout-flex\">\n<figure class=\"wp-block-image size-full is-resized\" style=\"margin-bottom:15px\"><img loading=\"lazy\" decoding=\"async\" width=\"512\" height=\"512\" src=\"https:\/\/www.cheverny2026.fr\/wp-content\/uploads\/2026\/02\/services.png\" alt=\"\" class=\"wp-image-145\" style=\"width:60px\" srcset=\"https:\/\/www.cheverny2026.fr\/wp-content\/uploads\/2026\/02\/services.png 512w, https:\/\/www.cheverny2026.fr\/wp-content\/uploads\/2026\/02\/services-300x300.png 300w, https:\/\/www.cheverny2026.fr\/wp-content\/uploads\/2026\/02\/services-150x150.png 150w\" sizes=\"auto, (max-width: 512px) 100vw, 512px\" \/><\/figure>\n\n\n\n<h2 class=\"wp-block-heading has-primary-color has-text-color has-link-color has-large-font-size wp-elements-f7a657d5015dda746dfe9b3b70b01d78\">Services et \u00e9conomie<\/h2>\n<\/div>\n\n\n\n<h5 class=\"wp-block-heading has-medium-font-size\" style=\"font-style:normal;font-weight:600\"><em><em><em><em><em>Plus de proximit\u00e9<\/em><\/em><\/em><\/em><\/em><\/h5>\n\n\n\n<p class=\"has-x-small-font-size\"><strong>Proximit\u00e9, s\u00e9curit\u00e9 et tissu \u00e9conomique<\/strong><\/p>\n\n\n\n<ul class=\"wp-block-list\">\n<li class=\"has-x-small-font-size\">Accompagner les personnes en difficult\u00e9<\/li>\n\n\n\n<li class=\"has-x-small-font-size\">Etre \u00e0 l\u2019\u00e9coute des besoins de la population<\/li>\n\n\n\n<li class=\"has-x-small-font-size\">Permettre l\u2019acc\u00e8s au num\u00e9rique pour tous<\/li>\n\n\n\n<li class=\"has-x-small-font-size\">Cr\u00e9er un espace de t\u00e9l\u00e9travail<\/li>\n\n\n\n<li class=\"has-x-small-font-size\">Cr\u00e9er une halle v\u00e9lo avec services<\/li>\n\n\n\n<li class=\"has-x-small-font-size\">Favoriser l\u2019implantation de petites entreprises<\/li>\n\n\n\n<li class=\"has-x-small-font-size\">S\u00e9curit\u00e9 : d\u00e9velopper le dispositif voisins vigilants (participation citoyenne)<\/li>\n<\/ul>\n<\/div>\n\n\n\n<div class=\"wp-block-column is-style-ct-box-shadow is-layout-flow wp-block-column-is-layout-flow\" style=\"padding-top:var(--wp--preset--spacing--x-small);padding-right:var(--wp--preset--spacing--x-small);padding-bottom:var(--wp--preset--spacing--x-small);padding-left:var(--wp--preset--spacing--x-small)\">\n<div class=\"wp-block-group is-nowrap is-layout-flex wp-container-core-group-is-layout-6c531013 wp-block-group-is-layout-flex\">\n<figure class=\"wp-block-image size-full is-resized\" style=\"margin-bottom:15px\"><img loading=\"lazy\" decoding=\"async\" width=\"512\" height=\"512\" src=\"https:\/\/www.cheverny2026.fr\/wp-content\/uploads\/2026\/02\/euro.png\" alt=\"\" class=\"wp-image-138\" style=\"width:60px\" srcset=\"https:\/\/www.cheverny2026.fr\/wp-content\/uploads\/2026\/02\/euro.png 512w, https:\/\/www.cheverny2026.fr\/wp-content\/uploads\/2026\/02\/euro-300x300.png 300w, https:\/\/www.cheverny2026.fr\/wp-content\/uploads\/2026\/02\/euro-150x150.png 150w\" sizes=\"auto, (max-width: 512px) 100vw, 512px\" \/><\/figure>\n\n\n\n<h2 class=\"wp-block-heading has-primary-color has-text-color has-link-color has-large-font-size wp-elements-16ae5fe0eeabf53ea02a5a7f1d7f6f1e\">Budget communal<\/h2>\n<\/div>\n\n\n\n<h5 class=\"wp-block-heading has-medium-font-size\" style=\"font-style:normal;font-weight:600\"><em><em>Budget, \u00e9quilibre et imp\u00f4ts<\/em><\/em><\/h5>\n\n\n\n<ul class=\"wp-block-list\">\n<li class=\"has-x-small-font-size\">Elaborer un budget communal \u00e9quilibr\u00e9 permettant la ma\u00eetrise des recettes (imp\u00f4ts communaux, dotation de l\u2019\u00e9tat..) et d\u00e9penses (investissement et fonctionnement)<\/li>\n\n\n\n<li class=\"has-x-small-font-size\">Maitriser les d\u00e9penses de fonctionnement afin de permettre les investissements n\u00e9cessaires pour la commune<\/li>\n\n\n\n<li class=\"has-x-small-font-size\">Etre vigilant sur l\u2019endettement de la commune<\/li>\n<\/ul>\n\n\n\n<div style=\"height:11px\" aria-hidden=\"true\" class=\"wp-block-spacer\"><\/div>\n\n\n\n<hr class=\"wp-block-separator has-alpha-channel-opacity\"\/>\n\n\n\n<div style=\"height:10px\" aria-hidden=\"true\" class=\"wp-block-spacer\"><\/div>\n\n\n\n<div class=\"wp-block-group is-nowrap is-layout-flex wp-container-core-group-is-layout-6c531013 wp-block-group-is-layout-flex\">\n<figure class=\"wp-block-image size-full is-resized\" style=\"margin-bottom:15px\"><img loading=\"lazy\" decoding=\"async\" width=\"512\" height=\"512\" src=\"https:\/\/www.cheverny2026.fr\/wp-content\/uploads\/2026\/02\/social-network.png\" alt=\"\" class=\"wp-image-140\" style=\"width:60px\" srcset=\"https:\/\/www.cheverny2026.fr\/wp-content\/uploads\/2026\/02\/social-network.png 512w, https:\/\/www.cheverny2026.fr\/wp-content\/uploads\/2026\/02\/social-network-300x300.png 300w, https:\/\/www.cheverny2026.fr\/wp-content\/uploads\/2026\/02\/social-network-150x150.png 150w\" sizes=\"auto, (max-width: 512px) 100vw, 512px\" \/><\/figure>\n\n\n\n<h2 class=\"wp-block-heading has-primary-color has-text-color has-link-color has-large-font-size wp-elements-3f32c050a14c4261cc42bc814a8dfea1\">Vivre ensemble<\/h2>\n<\/div>\n\n\n\n<h5 class=\"wp-block-heading has-medium-font-size\" style=\"font-style:normal;font-weight:600\"><em><em><em>G\u00e9n\u00e9rations, lien social et citoyennet\u00e9<\/em><\/em><\/em><\/h5>\n\n\n\n<p class=\"has-x-small-font-size\"><strong>Nos a\u00een\u00e9s et personnes vuln\u00e9rables<\/strong><\/p>\n\n\n\n<ul class=\"wp-block-list\">\n<li class=\"has-x-small-font-size\">Etre attentif \u00e0 leur bien-\u00eatre<\/li>\n\n\n\n<li class=\"has-x-small-font-size\">Prot\u00e9ger les personnes vuln\u00e9rables (plan canicule, aide sociale)<\/li>\n\n\n\n<li class=\"has-x-small-font-size\">Apporter une aide aux d\u00e9marches administratives (notamment en ligne)<\/li>\n\n\n\n<li class=\"has-x-small-font-size\">Maintenir le lien social entre les g\u00e9n\u00e9rations<\/li>\n\n\n\n<li class=\"has-x-small-font-size\">Maintenir le repas ou colis annuel<\/li>\n<\/ul>\n\n\n\n<p class=\"has-x-small-font-size\"><strong>Nos jeunes<\/strong><\/p>\n\n\n\n<ul class=\"wp-block-list\">\n<li class=\"has-x-small-font-size\">Sensibiliser nos adolescents \u00e0 la citoyennet\u00e9 (conseil des jeunes renouvel\u00e9)<\/li>\n\n\n\n<li class=\"has-x-small-font-size\">Leur proposer des activit\u00e9s et \u00eatre \u00e0 l\u2019\u00e9coute de leurs demandes<\/li>\n\n\n\n<li class=\"has-x-small-font-size\">Mettre en place un passeport du civisme<\/li>\n\n\n\n<li class=\"has-x-small-font-size\">Les aider \u00e0 financer leur permis de conduire<\/li>\n<\/ul>\n\n\n\n<div style=\"height:10px\" aria-hidden=\"true\" class=\"wp-block-spacer\"><\/div>\n\n\n\n<hr class=\"wp-block-separator has-alpha-channel-opacity\"\/>\n\n\n\n<div style=\"height:10px\" aria-hidden=\"true\" class=\"wp-block-spacer\"><\/div>\n\n\n\n<div class=\"wp-block-group is-nowrap is-layout-flex wp-container-core-group-is-layout-6c531013 wp-block-group-is-layout-flex\">\n<figure class=\"wp-block-image size-full is-resized\" style=\"margin-bottom:15px\"><img loading=\"lazy\" decoding=\"async\" width=\"512\" height=\"512\" src=\"https:\/\/www.cheverny2026.fr\/wp-content\/uploads\/2026\/02\/garden.png\" alt=\"\" class=\"wp-image-142\" style=\"width:60px\" srcset=\"https:\/\/www.cheverny2026.fr\/wp-content\/uploads\/2026\/02\/garden.png 512w, https:\/\/www.cheverny2026.fr\/wp-content\/uploads\/2026\/02\/garden-300x300.png 300w, https:\/\/www.cheverny2026.fr\/wp-content\/uploads\/2026\/02\/garden-150x150.png 150w\" sizes=\"auto, (max-width: 512px) 100vw, 512px\" \/><\/figure>\n\n\n\n<h2 class=\"wp-block-heading has-primary-color has-text-color has-link-color has-large-font-size wp-elements-f44c01af3cba88e1425dee777fe50fc9\">Cadre de vie<\/h2>\n<\/div>\n\n\n\n<h5 class=\"wp-block-heading has-medium-font-size\" style=\"font-style:normal;font-weight:600\"><em><em><em><em>Cr\u00e9er du lien social et de la convivialit\u00e9<\/em><\/em><\/em><\/em><\/h5>\n\n\n\n<p class=\"has-x-small-font-size\"><strong>Collectifs, associations et culture<\/strong><\/p>\n\n\n\n<ul class=\"wp-block-list\">\n<li class=\"has-x-small-font-size\">Poursuivre notre engagement et notre soutien aupr\u00e8s des associations<\/li>\n\n\n\n<li class=\"has-x-small-font-size\">Accueillir et faciliter les propositions artistiques et culturelles<\/li>\n\n\n\n<li class=\"has-x-small-font-size\">D\u00e9velopper les PACT (Projets artistiques et culturels de territoire) en partenariat avec le Conseil d\u00e9partemental et la R\u00e9gion Centre Val de Loire<\/li>\n\n\n\n<li class=\"has-x-small-font-size\">Accompagner la cr\u00e9ation d\u2019un caf\u00e9, lieu de vie culturelle et sociale<\/li>\n\n\n\n<li class=\"has-x-small-font-size\">Transformer une grange en une salle polyvalente afin de r\u00e9pondre aux besoins des habitants et des associations<\/li>\n\n\n\n<li class=\"has-x-small-font-size\">Organiser un \u00e9v\u00e8nement pour accueillir les nouveaux habitants et les jeunes citoyens<\/li>\n\n\n\n<li class=\"has-x-small-font-size\">Engager une politique forte de promotion de la commune pour sa renomm\u00e9e<\/li>\n\n\n\n<li class=\"has-x-small-font-size\">Am\u00e9nager un cheminement aux abords du lavoir<\/li>\n<\/ul>\n\n\n\n<div style=\"height:10px\" aria-hidden=\"true\" class=\"wp-block-spacer\"><\/div>\n\n\n\n<hr class=\"wp-block-separator has-alpha-channel-opacity\"\/>\n\n\n\n<div style=\"height:10px\" aria-hidden=\"true\" class=\"wp-block-spacer\"><\/div>\n\n\n\n<div class=\"wp-block-group is-nowrap is-layout-flex wp-container-core-group-is-layout-6c531013 wp-block-group-is-layout-flex\">\n<figure class=\"wp-block-image size-full is-resized\" style=\"margin-bottom:15px\"><img loading=\"lazy\" decoding=\"async\" width=\"512\" height=\"512\" src=\"https:\/\/www.cheverny2026.fr\/wp-content\/uploads\/2026\/02\/le-chateau-de-neuschwanstein.png\" alt=\"\" class=\"wp-image-146\" style=\"width:60px\" srcset=\"https:\/\/www.cheverny2026.fr\/wp-content\/uploads\/2026\/02\/le-chateau-de-neuschwanstein.png 512w, https:\/\/www.cheverny2026.fr\/wp-content\/uploads\/2026\/02\/le-chateau-de-neuschwanstein-300x300.png 300w, https:\/\/www.cheverny2026.fr\/wp-content\/uploads\/2026\/02\/le-chateau-de-neuschwanstein-150x150.png 150w\" sizes=\"auto, (max-width: 512px) 100vw, 512px\" \/><\/figure>\n\n\n\n<h2 class=\"wp-block-heading has-primary-color has-text-color has-link-color has-large-font-size wp-elements-f659bd7f1659512afda1181830c15dba\">Patrimoine<\/h2>\n<\/div>\n\n\n\n<h5 class=\"wp-block-heading has-medium-font-size\" style=\"font-style:normal;font-weight:600\"><em><em>Entretenir et moderniser<\/em><\/em><\/h5>\n\n\n\n<ul class=\"wp-block-list\">\n<li class=\"has-x-small-font-size\">Entretenir et moderniser les b\u00e2timents communaux<\/li>\n\n\n\n<li class=\"has-x-small-font-size\">Valoriser le site de la distillerie et de la loge des Ruaux<\/li>\n\n\n\n<li class=\"has-x-small-font-size\">Restaurer et mettre en valeur la cressonni\u00e8re pr\u00e8s du lavoir<\/li>\n<\/ul>\n\n\n\n<div style=\"height:10px\" aria-hidden=\"true\" class=\"wp-block-spacer\"><\/div>\n\n\n\n<hr class=\"wp-block-separator has-alpha-channel-opacity\"\/>\n\n\n\n<div style=\"height:10px\" aria-hidden=\"true\" class=\"wp-block-spacer\"><\/div>\n\n\n\n<div class=\"wp-block-group is-nowrap is-layout-flex wp-container-core-group-is-layout-6c531013 wp-block-group-is-layout-flex\">\n<figure class=\"wp-block-image size-full is-resized\" style=\"margin-bottom:15px\"><img loading=\"lazy\" decoding=\"async\" width=\"512\" height=\"512\" src=\"https:\/\/www.cheverny2026.fr\/wp-content\/uploads\/2026\/02\/connection.png\" alt=\"\" class=\"wp-image-147\" style=\"object-fit:cover;width:60px\" srcset=\"https:\/\/www.cheverny2026.fr\/wp-content\/uploads\/2026\/02\/connection.png 512w, https:\/\/www.cheverny2026.fr\/wp-content\/uploads\/2026\/02\/connection-300x300.png 300w, https:\/\/www.cheverny2026.fr\/wp-content\/uploads\/2026\/02\/connection-150x150.png 150w\" sizes=\"auto, (max-width: 512px) 100vw, 512px\" \/><\/figure>\n\n\n\n<h2 class=\"wp-block-heading has-primary-color has-text-color has-link-color has-large-font-size wp-elements-51d999a7d256b151de3bb297a45ad9c3\">Communaut\u00e9 d&#8217;Agglom\u00e9ration, D\u00e9partement et Etat<\/h2>\n<\/div>\n\n\n\n<h5 class=\"wp-block-heading has-medium-font-size\" style=\"font-style:normal;font-weight:600\"><em><em>Entretenir et moderniser<\/em><\/em><\/h5>\n\n\n\n<ul class=\"wp-block-list\">\n<li class=\"has-x-small-font-size\">Assurer une participation active et r\u00e9guli\u00e8re au sein de la communaut\u00e9 d\u2019Agglom\u00e9ration : certains domaines rel\u00e8vent de la comp\u00e9tence d\u2019Agglopolys d\u2019o\u00f9 l\u2019importance de la repr\u00e9sentation de la commune au sein de commissions ou groupes de travail<\/li>\n\n\n\n<li class=\"has-x-small-font-size\">Mettre en avant les sp\u00e9cificit\u00e9s de Cheverny, village rural \u00e0 fort potentiel touristique, agricole et viticole aupr\u00e8s des diff\u00e9rentes instances locales, d\u00e9partementales, r\u00e9gionales et nationales<\/li>\n\n\n\n<li class=\"has-x-small-font-size\">Favoriser la mutualisation des moyens et des mat\u00e9riels entre les communes d\u2019Agglopolys, notamment avec les communes voisines afin de faire des \u00e9conomies<\/li>\n<\/ul>\n<\/div>\n<\/div>\n<\/div>\n\n\n\n<p class=\"has-text-align-center has-large-font-size\"><strong>Toutes ces propositions sont r\u00e9alisables et nous nous engageons \u00e0 les mettre en \u0153uvre collectivement au cours du mandat.<\/strong><\/p>\n","protected":false},"excerpt":{"rendered":"<p>Nos projets pour les 6 ann\u00e9es \u00e0 venir Ce programme non exhaustif vous permettra de mieux comprendre la d\u00e9marche de notre \u00e9quipe, il propose 55 engagements regroup\u00e9s en 10 th\u00e8mes que nous r\u00e9aliserons durant le mandat. Venez nous rencontrer lors de notre r\u00e9union publique le jeudi 5 mars 2026, \u00e0 19h \u00e0 la salle des [&hellip;]<\/p>\n","protected":false},"author":1,"featured_media":0,"parent":0,"menu_order":0,"comment_status":"closed","ping_status":"closed","template":"","meta":{"footnotes":""},"class_list":["post-133","page","type-page","status-publish","hentry"],"_links":{"self":[{"href":"https:\/\/www.cheverny2026.fr\/index.php\/wp-json\/wp\/v2\/pages\/133","targetHints":{"allow":["GET"]}}],"collection":[{"href":"https:\/\/www.cheverny2026.fr\/index.php\/wp-json\/wp\/v2\/pages"}],"about":[{"href":"https:\/\/www.cheverny2026.fr\/index.php\/wp-json\/wp\/v2\/types\/page"}],"author":[{"embeddable":true,"href":"https:\/\/www.cheverny2026.fr\/index.php\/wp-json\/wp\/v2\/users\/1"}],"replies":[{"embeddable":true,"href":"https:\/\/www.cheverny2026.fr\/index.php\/wp-json\/wp\/v2\/comments?post=133"}],"version-history":[{"count":7,"href":"https:\/\/www.cheverny2026.fr\/index.php\/wp-json\/wp\/v2\/pages\/133\/revisions"}],"predecessor-version":[{"id":177,"href":"https:\/\/www.cheverny2026.fr\/index.php\/wp-json\/wp\/v2\/pages\/133\/revisions\/177"}],"wp:attachment":[{"href":"https:\/\/www.cheverny2026.fr\/index.php\/wp-json\/wp\/v2\/media?parent=133"}],"curies":[{"name":"wp","href":"https:\/\/api.w.org\/{rel}","templated":true}]}}