{"id":128,"date":"2026-02-07T14:55:55","date_gmt":"2026-02-07T14:55:55","guid":{"rendered":"https:\/\/www.cheverny2026.fr\/?page_id=128"},"modified":"2026-02-08T16:39:45","modified_gmt":"2026-02-08T16:39:45","slug":"bilan-du-mandat-2020-2026","status":"publish","type":"page","link":"https:\/\/www.cheverny2026.fr\/index.php\/bilan-du-mandat-2020-2026\/","title":{"rendered":"Bilan du mandat 2020 &#8211; 2026"},"content":{"rendered":"\n<p><strong>Malgr\u00e9 un contexte complexe marqu\u00e9 par des crises sanitaires, \u00e9conomiques et g\u00e9opolitiques, l&#8217;\u00e9quipe municipale a mis en \u0153uvre de nombreuses actions pour r\u00e9pondre aux besoins des habitants. Le programme initial contenait 59 propositions r\u00e9parties en 10 th\u00e8mes principaux.<\/strong><\/p>\n\n\n\n<div style=\"height:25px\" aria-hidden=\"true\" class=\"wp-block-spacer\"><\/div>\n\n\n\n<p class=\"has-large-font-size\"><strong>Fonctionnement du Conseil Municipal<\/strong><\/p>\n\n\n\n<p>L&#8217;objectif \u00e9tait de d\u00e9velopper la relation entre \u00e9lus et administr\u00e9s. Cela a \u00e9t\u00e9 atteint par la mise en place d&#8217;un accueil t\u00e9l\u00e9phonique plus performant, l&#8217;enrichissement du site internet communal, la mise en place d&#8217;une application smartphone pour l&#8217;information en temps r\u00e9el (panneau-pocket). La communication r\u00e9guli\u00e8re sur diff\u00e9rents supports (bulletin municipal, rapport d\u2019activit\u00e9, compte-rendu dans la presse) a permis aux habitants d\u2019avoir un acc\u00e8s aux informations municipales. Des r\u00e9unions<br>th\u00e9matiques ont incit\u00e9 les habitants \u00e0 participer activement \u00e0 la vie communale.<\/p>\n\n\n\n<div style=\"height:25px\" aria-hidden=\"true\" class=\"wp-block-spacer\"><\/div>\n\n\n\n<div class=\"wp-block-group is-nowrap is-layout-flex wp-container-core-group-is-layout-6c531013 wp-block-group-is-layout-flex\">\n<figure class=\"wp-block-image size-full is-resized is-style-default\" style=\"margin-bottom:14px\"><img loading=\"lazy\" decoding=\"async\" width=\"512\" height=\"512\" src=\"http:\/\/www.cheverny2026.fr\/wp-content\/uploads\/2026\/02\/road.png\" alt=\"\" class=\"wp-image-137\" style=\"object-fit:cover;width:60px\" srcset=\"https:\/\/www.cheverny2026.fr\/wp-content\/uploads\/2026\/02\/road.png 512w, https:\/\/www.cheverny2026.fr\/wp-content\/uploads\/2026\/02\/road-300x300.png 300w, https:\/\/www.cheverny2026.fr\/wp-content\/uploads\/2026\/02\/road-150x150.png 150w\" sizes=\"auto, (max-width: 512px) 100vw, 512px\" \/><\/figure>\n\n\n\n<p class=\"has-large-font-size\"><strong>Voirie<\/strong><\/p>\n<\/div>\n\n\n\n<p>Des efforts constants ont \u00e9t\u00e9 faits pour s\u00e9curiser et maintenir les infrastructures existantes qui incluent l&#8217;entretien des routes, l&#8217;optimisation du stationnement et de la circulation, et la promotion des circulations douces. Des infrastructures pour les v\u00e9hicules \u00e9lectriques et les v\u00e9los ont \u00e9galement \u00e9t\u00e9 cr\u00e9\u00e9es.<\/p>\n\n\n\n<div style=\"height:25px\" aria-hidden=\"true\" class=\"wp-block-spacer\"><\/div>\n\n\n\n<div class=\"wp-block-group is-nowrap is-layout-flex wp-container-core-group-is-layout-6c531013 wp-block-group-is-layout-flex\">\n<figure class=\"wp-block-image size-full is-resized is-style-default\" style=\"margin-bottom:14px\"><img loading=\"lazy\" decoding=\"async\" width=\"512\" height=\"512\" src=\"http:\/\/www.cheverny2026.fr\/wp-content\/uploads\/2026\/02\/building.png\" alt=\"\" class=\"wp-image-139\" style=\"object-fit:cover;width:60px\" srcset=\"https:\/\/www.cheverny2026.fr\/wp-content\/uploads\/2026\/02\/building.png 512w, https:\/\/www.cheverny2026.fr\/wp-content\/uploads\/2026\/02\/building-300x300.png 300w, https:\/\/www.cheverny2026.fr\/wp-content\/uploads\/2026\/02\/building-150x150.png 150w\" sizes=\"auto, (max-width: 512px) 100vw, 512px\" \/><\/figure>\n\n\n\n<p class=\"has-large-font-size\"><strong>Urbanisme<\/strong><\/p>\n<\/div>\n\n\n\n<p>Un d\u00e9veloppement mesur\u00e9 et harmonieux a \u00e9t\u00e9 assur\u00e9 \u00e0 travers le PLUi, l&#8217;acquisition fonci\u00e8re pour des am\u00e9nagements programm\u00e9s. Un logement communal r\u00e9habilit\u00e9 et rendu accessible aux personnes \u00e0 mobilit\u00e9 r\u00e9duite.<\/p>\n\n\n\n<div style=\"height:25px\" aria-hidden=\"true\" class=\"wp-block-spacer\"><\/div>\n\n\n\n<div class=\"wp-block-group is-nowrap is-layout-flex wp-container-core-group-is-layout-6c531013 wp-block-group-is-layout-flex\">\n<figure class=\"wp-block-image size-full is-resized is-style-default\" style=\"margin-bottom:14px\"><img loading=\"lazy\" decoding=\"async\" width=\"512\" height=\"512\" src=\"http:\/\/www.cheverny2026.fr\/wp-content\/uploads\/2026\/02\/euro.png\" alt=\"\" class=\"wp-image-138\" style=\"object-fit:cover;width:60px\" srcset=\"https:\/\/www.cheverny2026.fr\/wp-content\/uploads\/2026\/02\/euro.png 512w, https:\/\/www.cheverny2026.fr\/wp-content\/uploads\/2026\/02\/euro-300x300.png 300w, https:\/\/www.cheverny2026.fr\/wp-content\/uploads\/2026\/02\/euro-150x150.png 150w\" sizes=\"auto, (max-width: 512px) 100vw, 512px\" \/><\/figure>\n\n\n\n<p class=\"has-large-font-size\"><strong>Budget communal<\/strong><\/p>\n<\/div>\n\n\n\n<p>Gr\u00e2ce \u00e0 une gestion rigoureuse, la commune maintient une situation financi\u00e8re saine. Les projets structurants ont re\u00e7u un soutien ad\u00e9quat des autorit\u00e9s d\u00e9partementales, r\u00e9gionales et nationales.<\/p>\n\n\n\n<div style=\"height:25px\" aria-hidden=\"true\" class=\"wp-block-spacer\"><\/div>\n\n\n\n<div class=\"wp-block-group is-nowrap is-layout-flex wp-container-core-group-is-layout-6c531013 wp-block-group-is-layout-flex\">\n<figure class=\"wp-block-image size-full is-resized is-style-default\" style=\"margin-bottom:14px\"><img loading=\"lazy\" decoding=\"async\" width=\"512\" height=\"512\" src=\"http:\/\/www.cheverny2026.fr\/wp-content\/uploads\/2026\/02\/le-chateau-de-neuschwanstein.png\" alt=\"\" class=\"wp-image-146\" style=\"object-fit:cover;width:60px\" srcset=\"https:\/\/www.cheverny2026.fr\/wp-content\/uploads\/2026\/02\/le-chateau-de-neuschwanstein.png 512w, https:\/\/www.cheverny2026.fr\/wp-content\/uploads\/2026\/02\/le-chateau-de-neuschwanstein-300x300.png 300w, https:\/\/www.cheverny2026.fr\/wp-content\/uploads\/2026\/02\/le-chateau-de-neuschwanstein-150x150.png 150w\" sizes=\"auto, (max-width: 512px) 100vw, 512px\" \/><\/figure>\n\n\n\n<p class=\"has-large-font-size\"><strong>Patrimoine<\/strong><\/p>\n<\/div>\n\n\n\n<p>Des efforts ont \u00e9t\u00e9 maintenus pour entretenir et moderniser le patrimoine communal, notamment par la r\u00e9fection de b\u00e2timents, l&#8217;acquisition de nouveaux locaux et terrains pour des projets.<\/p>\n\n\n\n<div style=\"height:25px\" aria-hidden=\"true\" class=\"wp-block-spacer\"><\/div>\n\n\n\n<div class=\"wp-block-group is-nowrap is-layout-flex wp-container-core-group-is-layout-6c531013 wp-block-group-is-layout-flex\">\n<figure class=\"wp-block-image size-full is-resized is-style-default\" style=\"margin-bottom:14px\"><img loading=\"lazy\" decoding=\"async\" width=\"512\" height=\"512\" src=\"http:\/\/www.cheverny2026.fr\/wp-content\/uploads\/2026\/02\/plant.png\" alt=\"\" class=\"wp-image-144\" style=\"object-fit:cover;width:60px\" srcset=\"https:\/\/www.cheverny2026.fr\/wp-content\/uploads\/2026\/02\/plant.png 512w, https:\/\/www.cheverny2026.fr\/wp-content\/uploads\/2026\/02\/plant-300x300.png 300w, https:\/\/www.cheverny2026.fr\/wp-content\/uploads\/2026\/02\/plant-150x150.png 150w\" sizes=\"auto, (max-width: 512px) 100vw, 512px\" \/><\/figure>\n\n\n\n<p class=\"has-large-font-size\"><strong>Environnement<\/strong><\/p>\n<\/div>\n\n\n\n<p>La pr\u00e9servation de la biodiversit\u00e9 et de l\u2019environnement ont \u00e9t\u00e9 prioritaires, avec des am\u00e9nagements \u00e9co-responsables structurants. Un parc d\u00e9di\u00e9 \u00e0 la biodiversit\u00e9 a \u00e9t\u00e9 cr\u00e9\u00e9 (Parc de biches).<\/p>\n\n\n\n<div style=\"height:25px\" aria-hidden=\"true\" class=\"wp-block-spacer\"><\/div>\n\n\n\n<div class=\"wp-block-group is-nowrap is-layout-flex wp-container-core-group-is-layout-6c531013 wp-block-group-is-layout-flex\">\n<figure class=\"wp-block-image size-full is-resized is-style-default\" style=\"margin-bottom:14px\"><img loading=\"lazy\" decoding=\"async\" width=\"512\" height=\"512\" src=\"http:\/\/www.cheverny2026.fr\/wp-content\/uploads\/2026\/02\/garden.png\" alt=\"\" class=\"wp-image-142\" style=\"object-fit:cover;width:60px\" srcset=\"https:\/\/www.cheverny2026.fr\/wp-content\/uploads\/2026\/02\/garden.png 512w, https:\/\/www.cheverny2026.fr\/wp-content\/uploads\/2026\/02\/garden-300x300.png 300w, https:\/\/www.cheverny2026.fr\/wp-content\/uploads\/2026\/02\/garden-150x150.png 150w\" sizes=\"auto, (max-width: 512px) 100vw, 512px\" \/><\/figure>\n\n\n\n<p class=\"has-large-font-size\"><strong>Cadre de vie<\/strong><\/p>\n<\/div>\n\n\n\n<p>Le soutien aux associations et la promotion de la commune ont \u00e9t\u00e9 renforc\u00e9s. Des labels et des statuts prestigieux ont \u00e9t\u00e9 renouvel\u00e9s (station de tourisme, territoire engag\u00e9 pour la nature, village \u00e9toil\u00e9, village fleuri), et des \u00e9v\u00e9nements culturels et sportifs ont \u00e9t\u00e9 soutenus.<\/p>\n\n\n\n<div style=\"height:25px\" aria-hidden=\"true\" class=\"wp-block-spacer\"><\/div>\n\n\n\n<div class=\"wp-block-group is-nowrap is-layout-flex wp-container-core-group-is-layout-6c531013 wp-block-group-is-layout-flex\">\n<figure class=\"wp-block-image size-full is-resized is-style-default\" style=\"margin-bottom:14px\"><img loading=\"lazy\" decoding=\"async\" width=\"512\" height=\"512\" src=\"http:\/\/www.cheverny2026.fr\/wp-content\/uploads\/2026\/02\/services.png\" alt=\"\" class=\"wp-image-145\" style=\"object-fit:cover;width:60px\" srcset=\"https:\/\/www.cheverny2026.fr\/wp-content\/uploads\/2026\/02\/services.png 512w, https:\/\/www.cheverny2026.fr\/wp-content\/uploads\/2026\/02\/services-300x300.png 300w, https:\/\/www.cheverny2026.fr\/wp-content\/uploads\/2026\/02\/services-150x150.png 150w\" sizes=\"auto, (max-width: 512px) 100vw, 512px\" \/><\/figure>\n\n\n\n<p class=\"has-large-font-size\"><strong>Services et \u00e9conomie<\/strong><\/p>\n<\/div>\n\n\n\n<p>L&#8217;extension de la maison m\u00e9dicale (arriv\u00e9e de 2 nouveaux m\u00e9decins et d\u2019une infirmi\u00e8re sp\u00e9cialis\u00e9e), le soutien \u00e0 l&#8217;\u00e9conomie locale, y compris l&#8217;installation de nouvelles entreprises, ont am\u00e9lior\u00e9 les services de proximit\u00e9.<br>Le recrutement d\u2019un conseiller num\u00e9rique a permis d\u2019accompagner de nombreux habitants dans leurs d\u00e9marches sur internet et de favoriser l\u2019acc\u00e8s \u00e0 tous au num\u00e9rique.<\/p>\n\n\n\n<div style=\"height:25px\" aria-hidden=\"true\" class=\"wp-block-spacer\"><\/div>\n\n\n\n<div class=\"wp-block-group is-nowrap is-layout-flex wp-container-core-group-is-layout-6c531013 wp-block-group-is-layout-flex\">\n<figure class=\"wp-block-image size-full is-resized is-style-default\" style=\"margin-bottom:14px\"><img loading=\"lazy\" decoding=\"async\" width=\"512\" height=\"512\" src=\"http:\/\/www.cheverny2026.fr\/wp-content\/uploads\/2026\/02\/social-network.png\" alt=\"\" class=\"wp-image-140\" style=\"object-fit:cover;width:60px\" srcset=\"https:\/\/www.cheverny2026.fr\/wp-content\/uploads\/2026\/02\/social-network.png 512w, https:\/\/www.cheverny2026.fr\/wp-content\/uploads\/2026\/02\/social-network-300x300.png 300w, https:\/\/www.cheverny2026.fr\/wp-content\/uploads\/2026\/02\/social-network-150x150.png 150w\" sizes=\"auto, (max-width: 512px) 100vw, 512px\" \/><\/figure>\n\n\n\n<p class=\"has-large-font-size\"><strong>Vivre ensemble<\/strong><\/p>\n<\/div>\n\n\n\n<p>Des dispositifs pour le bien-\u00eatre des a\u00een\u00e9s et l&#8217;engagement des jeunes ont \u00e9t\u00e9 mis en place. Des espaces de jeux, des activit\u00e9s citoyennes et culturelles ont \u00e9t\u00e9 propos\u00e9s pour renforcer le lien social.<\/p>\n\n\n\n<div style=\"height:25px\" aria-hidden=\"true\" class=\"wp-block-spacer\"><\/div>\n\n\n\n<div class=\"wp-block-group is-nowrap is-layout-flex wp-container-core-group-is-layout-6c531013 wp-block-group-is-layout-flex\">\n<figure class=\"wp-block-image size-full is-resized is-style-default\" style=\"margin-bottom:14px\"><img loading=\"lazy\" decoding=\"async\" width=\"512\" height=\"512\" src=\"http:\/\/www.cheverny2026.fr\/wp-content\/uploads\/2026\/02\/connection.png\" alt=\"\" class=\"wp-image-147\" style=\"object-fit:cover;width:60px\" srcset=\"https:\/\/www.cheverny2026.fr\/wp-content\/uploads\/2026\/02\/connection.png 512w, https:\/\/www.cheverny2026.fr\/wp-content\/uploads\/2026\/02\/connection-300x300.png 300w, https:\/\/www.cheverny2026.fr\/wp-content\/uploads\/2026\/02\/connection-150x150.png 150w\" sizes=\"auto, (max-width: 512px) 100vw, 512px\" \/><\/figure>\n\n\n\n<p class=\"has-large-font-size\"><strong>Communaut\u00e9 d&#8217;Agglom\u00e9ration<\/strong><\/p>\n<\/div>\n\n\n\n<p>Les relations avec Agglopolys sont sereines, favorisant la mutualisation des ressources. Dans un contexte de baisse des aides de l\u2019Etat la mutualisation avec d\u2019autres communes a permis de maintenir le poste du conseiller num\u00e9rique .<\/p>\n\n\n\n<div style=\"height:25px\" aria-hidden=\"true\" class=\"wp-block-spacer\"><\/div>\n\n\n\n<p><strong>Malgr\u00e9 des conditions difficiles, 88% des engagements ont \u00e9t\u00e9 r\u00e9alis\u00e9s, avec des actions suppl\u00e9mentaires tout en maintenant l&#8217;\u00e9quilibre budg\u00e9taire.<\/strong><\/p>\n\n\n\n<p><\/p>\n","protected":false},"excerpt":{"rendered":"<p>Malgr\u00e9 un contexte complexe marqu\u00e9 par des crises sanitaires, \u00e9conomiques et g\u00e9opolitiques, l&#8217;\u00e9quipe municipale a mis en \u0153uvre de nombreuses actions pour r\u00e9pondre aux besoins des habitants. Le programme initial contenait 59 propositions r\u00e9parties en 10 th\u00e8mes principaux. Fonctionnement du Conseil Municipal L&#8217;objectif \u00e9tait de d\u00e9velopper la relation entre \u00e9lus et administr\u00e9s. Cela a \u00e9t\u00e9 [&hellip;]<\/p>\n","protected":false},"author":1,"featured_media":0,"parent":0,"menu_order":0,"comment_status":"closed","ping_status":"closed","template":"","meta":{"footnotes":""},"class_list":["post-128","page","type-page","status-publish","hentry"],"_links":{"self":[{"href":"https:\/\/www.cheverny2026.fr\/index.php\/wp-json\/wp\/v2\/pages\/128","targetHints":{"allow":["GET"]}}],"collection":[{"href":"https:\/\/www.cheverny2026.fr\/index.php\/wp-json\/wp\/v2\/pages"}],"about":[{"href":"https:\/\/www.cheverny2026.fr\/index.php\/wp-json\/wp\/v2\/types\/page"}],"author":[{"embeddable":true,"href":"https:\/\/www.cheverny2026.fr\/index.php\/wp-json\/wp\/v2\/users\/1"}],"replies":[{"embeddable":true,"href":"https:\/\/www.cheverny2026.fr\/index.php\/wp-json\/wp\/v2\/comments?post=128"}],"version-history":[{"count":5,"href":"https:\/\/www.cheverny2026.fr\/index.php\/wp-json\/wp\/v2\/pages\/128\/revisions"}],"predecessor-version":[{"id":170,"href":"https:\/\/www.cheverny2026.fr\/index.php\/wp-json\/wp\/v2\/pages\/128\/revisions\/170"}],"wp:attachment":[{"href":"https:\/\/www.cheverny2026.fr\/index.php\/wp-json\/wp\/v2\/media?parent=128"}],"curies":[{"name":"wp","href":"https:\/\/api.w.org\/{rel}","templated":true}]}}