{"id":118,"date":"2026-02-07T14:45:40","date_gmt":"2026-02-07T14:45:40","guid":{"rendered":"https:\/\/www.cheverny2026.fr\/?page_id=118"},"modified":"2026-02-07T14:45:50","modified_gmt":"2026-02-07T14:45:50","slug":"fanny-goumard","status":"publish","type":"page","link":"https:\/\/www.cheverny2026.fr\/index.php\/fanny-goumard\/","title":{"rendered":"Fanny GOUMARD"},"content":{"rendered":"\n<div class=\"wp-block-columns is-layout-flex wp-container-core-columns-is-layout-28f84493 wp-block-columns-is-layout-flex\">\n<div class=\"wp-block-column is-layout-flow wp-block-column-is-layout-flow\">\n<figure class=\"wp-block-image size-full\"><img loading=\"lazy\" decoding=\"async\" width=\"1024\" height=\"768\" src=\"http:\/\/www.cheverny2026.fr\/wp-content\/uploads\/2026\/02\/12-1.png\" alt=\"\" class=\"wp-image-56\" srcset=\"https:\/\/www.cheverny2026.fr\/wp-content\/uploads\/2026\/02\/12-1.png 1024w, https:\/\/www.cheverny2026.fr\/wp-content\/uploads\/2026\/02\/12-1-300x225.png 300w, https:\/\/www.cheverny2026.fr\/wp-content\/uploads\/2026\/02\/12-1-768x576.png 768w\" sizes=\"auto, (max-width: 1024px) 100vw, 1024px\" \/><\/figure>\n<\/div>\n\n\n\n<div class=\"wp-block-column is-layout-flow wp-block-column-is-layout-flow\">\n<div style=\"height:100px\" aria-hidden=\"true\" class=\"wp-block-spacer\"><\/div>\n\n\n\n<p class=\"has-large-font-size\"><strong>Fanny GOUMARD<\/strong><\/p>\n\n\n\n<p>46 ans<\/p>\n\n\n\n<p>G\u00e9rante d\u2019un restaurant et salon de th\u00e9<\/p>\n<\/div>\n<\/div>\n\n\n\n<div style=\"height:30px\" aria-hidden=\"true\" class=\"wp-block-spacer\"><\/div>\n\n\n\n<p>Originaire du Nord, j\u2019ai eu un v\u00e9ritable coup de c\u0153ur pour le Loir-et-Cher en 2009 lorsque j\u2019ai pris mes fonctions au CAUE en tant que charg\u00e9e de mission en urbanisme. Ce poste m\u2019a permis de d\u00e9couvrir tout le d\u00e9partement, de proposer du conseil aux communes sur leurs projets d\u2019am\u00e9nagement et de d\u00e9veloppement et de me familiariser avec les probl\u00e9matiques des communes rurales.<\/p>\n\n\n\n<p><br>J\u2019ai ensuite pris un virage \u00e0 180\u00b0 pour r\u00e9pondre \u00e0 mon r\u00eave de toujours, ouvrir mon salon de th\u00e9. J\u2019ai donc quitt\u00e9 Blois, avec l\u2019espoir d\u2019y revenir un jour, pour passer un CAP p\u00e2tisserie. Apr\u00e8s quelques ann\u00e9es en tant que salari\u00e9e dans la restauration et la  boulangerie, je suis revenue \u00e0 Blois pour ouvrir mon restaurant\/salon de th\u00e9 pr\u00e8s de la cath\u00e9drale en 2014. Cette aventure de 8 ans m\u2019a permis de comprendre les rouages d\u2019une entreprise, de d\u00e9couvrir le management et de faire des rencontres vari\u00e9es et enrichissantes, tant avec mes salari\u00e9s qu\u2019avec mes clients. Il me tient \u00e0 c\u0153ur de travailler avec des jeunes adultes et de cr\u00e9er de l\u2019emploi, avec une vision horizontale du management.<\/p>\n\n\n\n<p><br>En 2023 j\u2019ai d\u00e9m\u00e9nag\u00e9 mon restaurant\/salon de th\u00e9 \u00e0 Cheverny pour offrir aux habitants et \u00e0 ma client\u00e8le un lieu de vie et de rencontres au c\u0153ur de la campagne, dans un cadre idyllique. Cet emplacement a plus de sens pour moi et me permet aujourd\u2019hui de retrouver du temps de vie et de m\u2019investir progressivement dans la vie de la commune.<\/p>\n\n\n\n<p><br>J\u2019ai toujours aim\u00e9 f\u00e9d\u00e9rer, au travail ou dans la vie associative. J\u2019organise quasiment chaque semaine des ateliers au restaurant (\u00e9criture, lecture, peinture, m\u00e9ditation, c\u00e9ramique\u2026), j\u2019ai r\u00e9guli\u00e8rement particip\u00e9 \u00e0 des associations culturelles et sportives qui me permettent des rencontres, l\u2019insertion dans le territoire et l\u2019expression de ma cr\u00e9ativit\u00e9. Par ailleurs, j\u2019aime me promener dans la nature, visiter notre beau patrimoine fran\u00e7ais mais aussi voyager r\u00e9guli\u00e8rement \u00e0 l\u2019\u00e9tranger. J\u2019essaie au quotidien d\u2019\u00eatre raisonnable dans ma consommation et mon empreinte \u00e9cologique. Que ce soit dans ma vie priv\u00e9e ou professionnelle, j\u2019ach\u00e8te local et fran\u00e7ais au maximum, je limite les d\u00e9chets, je r\u00e9utilise les vieux objets, je m\u2019habille en seconde main, je prends mon v\u00e9lo pour les petits trajets et j\u2019\u00e9vite de consommer inutilement. <\/p>\n\n\n\n<p><\/p>\n\n\n\n<p>D\u2019un naturel optimiste et dynamique, je suis une personne ouverte, \u00e0 l\u2019\u00e9coute des autres, empathique, int\u00e8gre et fiable. Je peux apporter un regard global et distanci\u00e9 sur la commune et ses projets par mes exp\u00e9riences professionnelles et g\u00e9ographiques diverses.<\/p>\n\n\n\n<p><br>Participer \u00e0 la vie du village et \u0153uvrer pour le bien commun sans appartenance politique sont des petites actions qui  redonneront, j\u2019esp\u00e8re, du sens \u00e0 notre monde si bouscul\u00e9.<\/p>\n","protected":false},"excerpt":{"rendered":"<p>Fanny GOUMARD 46 ans G\u00e9rante d\u2019un restaurant et salon de th\u00e9 Originaire du Nord, j\u2019ai eu un v\u00e9ritable coup de c\u0153ur pour le Loir-et-Cher en 2009 lorsque j\u2019ai pris mes fonctions au CAUE en tant que charg\u00e9e de mission en urbanisme. Ce poste m\u2019a permis de d\u00e9couvrir tout le d\u00e9partement, de proposer du conseil aux [&hellip;]<\/p>\n","protected":false},"author":1,"featured_media":0,"parent":0,"menu_order":0,"comment_status":"closed","ping_status":"closed","template":"","meta":{"footnotes":""},"class_list":["post-118","page","type-page","status-publish","hentry"],"_links":{"self":[{"href":"https:\/\/www.cheverny2026.fr\/index.php\/wp-json\/wp\/v2\/pages\/118","targetHints":{"allow":["GET"]}}],"collection":[{"href":"https:\/\/www.cheverny2026.fr\/index.php\/wp-json\/wp\/v2\/pages"}],"about":[{"href":"https:\/\/www.cheverny2026.fr\/index.php\/wp-json\/wp\/v2\/types\/page"}],"author":[{"embeddable":true,"href":"https:\/\/www.cheverny2026.fr\/index.php\/wp-json\/wp\/v2\/users\/1"}],"replies":[{"embeddable":true,"href":"https:\/\/www.cheverny2026.fr\/index.php\/wp-json\/wp\/v2\/comments?post=118"}],"version-history":[{"count":2,"href":"https:\/\/www.cheverny2026.fr\/index.php\/wp-json\/wp\/v2\/pages\/118\/revisions"}],"predecessor-version":[{"id":120,"href":"https:\/\/www.cheverny2026.fr\/index.php\/wp-json\/wp\/v2\/pages\/118\/revisions\/120"}],"wp:attachment":[{"href":"https:\/\/www.cheverny2026.fr\/index.php\/wp-json\/wp\/v2\/media?parent=118"}],"curies":[{"name":"wp","href":"https:\/\/api.w.org\/{rel}","templated":true}]}}