{"id":110,"date":"2026-02-07T14:39:13","date_gmt":"2026-02-07T14:39:13","guid":{"rendered":"https:\/\/www.cheverny2026.fr\/?page_id=110"},"modified":"2026-02-07T14:40:34","modified_gmt":"2026-02-07T14:40:34","slug":"valerie-meixeiro","status":"publish","type":"page","link":"https:\/\/www.cheverny2026.fr\/index.php\/valerie-meixeiro\/","title":{"rendered":"Val\u00e9rie MEIXEIRO"},"content":{"rendered":"\n<div class=\"wp-block-columns is-layout-flex wp-container-core-columns-is-layout-28f84493 wp-block-columns-is-layout-flex\">\n<div class=\"wp-block-column is-layout-flow wp-block-column-is-layout-flow\">\n<figure class=\"wp-block-image size-full\"><img loading=\"lazy\" decoding=\"async\" width=\"1024\" height=\"768\" src=\"http:\/\/www.cheverny2026.fr\/wp-content\/uploads\/2026\/02\/8-1.png\" alt=\"\" class=\"wp-image-52\" srcset=\"https:\/\/www.cheverny2026.fr\/wp-content\/uploads\/2026\/02\/8-1.png 1024w, https:\/\/www.cheverny2026.fr\/wp-content\/uploads\/2026\/02\/8-1-300x225.png 300w, https:\/\/www.cheverny2026.fr\/wp-content\/uploads\/2026\/02\/8-1-768x576.png 768w\" sizes=\"auto, (max-width: 1024px) 100vw, 1024px\" \/><\/figure>\n<\/div>\n\n\n\n<div class=\"wp-block-column is-layout-flow wp-block-column-is-layout-flow\">\n<div style=\"height:100px\" aria-hidden=\"true\" class=\"wp-block-spacer\"><\/div>\n\n\n\n<p class=\"has-large-font-size\">30<strong>Val\u00e9rie MEIXEIRO<\/strong><\/p>\n\n\n\n<p>55 ans, mari\u00e9e, 3 enfants<\/p>\n\n\n\n<p>G\u00e9rante d\u2019une \u00e9curie et d\u2019un g\u00eete<\/p>\n<\/div>\n<\/div>\n\n\n\n<div style=\"height:30px\" aria-hidden=\"true\" class=\"wp-block-spacer\"><\/div>\n\n\n\n<p>Passionn\u00e9e de chevaux et de nature, j\u2019ai cr\u00e9\u00e9 \u00e0 l\u2019\u00e2ge de 19 ans l\u2019\u00e9curie de la Colini\u00e8re \u00e0 Cheverny en collaboration avec Yves BEAUGILLET<\/p>\n\n\n\n<p><br>Mes objectifs sont de partager mes connaissances sur les \u00e9quid\u00e9s pour mieux les comprendre et ainsi les respecter, faire  \u00e9couvrir aux cavaliers notre patrimoine naturel, architectural et gastronomique ainsi qu\u2019apporter aux personnes en situation de handicap du \u00ab mieux \u00eatre \u00bb.<\/p>\n\n\n\n<p>Mes grandes passions sont naturellement : la faune, la flore, la g\u00e9ologie, la gastronomie, l\u2019\u0153nologie, la g\u00e9n\u00e9alogie, l\u2019histoire, les traditions et l\u2019architecture.<\/p>\n\n\n\n<p><br>Membre b\u00e9n\u00e9vole du jury ATE (accompagnateur de tourisme \u00e9questre) et BPJEPS TE (enseignant tourisme \u00e9questre) depuis plus de 20 ans car il me semble essentiel d\u2019\u0153uvrer dans la certification des dipl\u00f4mes professionnels pour garantir la qualit\u00e9 de  l\u2019enseignement et de l\u2019encadrement.<\/p>\n\n\n\n<p><br>\u00c9lue au CRECVL (Comit\u00e9 R\u00e9gional d\u2019\u00e9quitation Centre Val de Loire) au tourisme \u00e9questre depuis 2017. Membre du CDESI  (Commission D\u00e9partementale des Espaces, Sites et Itin\u00e9raires relatifs aux activit\u00e9s de nature) depuis 2017, nous sommes pass\u00e9s de 5 kms de sentiers \u00e9questres balis\u00e9s \u00e0 plus de 300 kms ! J\u2019ai eu l\u2019honneur de recevoir la m\u00e9daille de l\u2019ordre du m\u00e9rite agricole ainsi que la m\u00e9daille de bronze de la Jeunesse et les Sports.<\/p>\n\n\n\n<p><br>Je souhaite pouvoir mettre mon exp\u00e9rience au profit de notre commune<\/p>\n","protected":false},"excerpt":{"rendered":"<p>30Val\u00e9rie MEIXEIRO 55 ans, mari\u00e9e, 3 enfants G\u00e9rante d\u2019une \u00e9curie et d\u2019un g\u00eete Passionn\u00e9e de chevaux et de nature, j\u2019ai cr\u00e9\u00e9 \u00e0 l\u2019\u00e2ge de 19 ans l\u2019\u00e9curie de la Colini\u00e8re \u00e0 Cheverny en collaboration avec Yves BEAUGILLET Mes objectifs sont de partager mes connaissances sur les \u00e9quid\u00e9s pour mieux les comprendre et ainsi les respecter, [&hellip;]<\/p>\n","protected":false},"author":1,"featured_media":0,"parent":0,"menu_order":0,"comment_status":"closed","ping_status":"closed","template":"","meta":{"footnotes":""},"class_list":["post-110","page","type-page","status-publish","hentry"],"_links":{"self":[{"href":"https:\/\/www.cheverny2026.fr\/index.php\/wp-json\/wp\/v2\/pages\/110","targetHints":{"allow":["GET"]}}],"collection":[{"href":"https:\/\/www.cheverny2026.fr\/index.php\/wp-json\/wp\/v2\/pages"}],"about":[{"href":"https:\/\/www.cheverny2026.fr\/index.php\/wp-json\/wp\/v2\/types\/page"}],"author":[{"embeddable":true,"href":"https:\/\/www.cheverny2026.fr\/index.php\/wp-json\/wp\/v2\/users\/1"}],"replies":[{"embeddable":true,"href":"https:\/\/www.cheverny2026.fr\/index.php\/wp-json\/wp\/v2\/comments?post=110"}],"version-history":[{"count":5,"href":"https:\/\/www.cheverny2026.fr\/index.php\/wp-json\/wp\/v2\/pages\/110\/revisions"}],"predecessor-version":[{"id":115,"href":"https:\/\/www.cheverny2026.fr\/index.php\/wp-json\/wp\/v2\/pages\/110\/revisions\/115"}],"wp:attachment":[{"href":"https:\/\/www.cheverny2026.fr\/index.php\/wp-json\/wp\/v2\/media?parent=110"}],"curies":[{"name":"wp","href":"https:\/\/api.w.org\/{rel}","templated":true}]}}