{"id":108,"date":"2026-02-07T14:36:37","date_gmt":"2026-02-07T14:36:37","guid":{"rendered":"https:\/\/www.cheverny2026.fr\/?page_id=108"},"modified":"2026-02-07T14:36:37","modified_gmt":"2026-02-07T14:36:37","slug":"charles-antoine-de-vibraye","status":"publish","type":"page","link":"https:\/\/www.cheverny2026.fr\/index.php\/charles-antoine-de-vibraye\/","title":{"rendered":"Charles-Antoine de VIBRAYE"},"content":{"rendered":"\n<div class=\"wp-block-columns is-layout-flex wp-container-core-columns-is-layout-28f84493 wp-block-columns-is-layout-flex\">\n<div class=\"wp-block-column is-layout-flow wp-block-column-is-layout-flow\">\n<figure class=\"wp-block-image size-full\"><img loading=\"lazy\" decoding=\"async\" width=\"1024\" height=\"768\" src=\"http:\/\/www.cheverny2026.fr\/wp-content\/uploads\/2026\/02\/13-1.png\" alt=\"\" class=\"wp-image-57\" srcset=\"https:\/\/www.cheverny2026.fr\/wp-content\/uploads\/2026\/02\/13-1.png 1024w, https:\/\/www.cheverny2026.fr\/wp-content\/uploads\/2026\/02\/13-1-300x225.png 300w, https:\/\/www.cheverny2026.fr\/wp-content\/uploads\/2026\/02\/13-1-768x576.png 768w\" sizes=\"auto, (max-width: 1024px) 100vw, 1024px\" \/><\/figure>\n<\/div>\n\n\n\n<div class=\"wp-block-column is-layout-flow wp-block-column-is-layout-flow\">\n<div style=\"height:100px\" aria-hidden=\"true\" class=\"wp-block-spacer\"><\/div>\n\n\n\n<p class=\"has-large-font-size\"><strong>Charles-Antoine de VIBRAYE<\/strong><\/p>\n\n\n\n<p>61 ans, mari\u00e9, 3 enfants<\/p>\n\n\n\n<p>Conseiller municipal sortant,<\/p>\n\n\n\n<p>Administrateur du domaine de Cheverny<\/p>\n<\/div>\n<\/div>\n\n\n\n<div style=\"height:30px\" aria-hidden=\"true\" class=\"wp-block-spacer\"><\/div>\n\n\n\n<p>Bien que ma premi\u00e8re \u00e9lection remonte d\u00e9j\u00e0 \u00e0 1995, je souhaite de nouveau mettre mon exp\u00e9rience d\u2019\u00e9lu municipal au service de mes concitoyens pour conseiller et accompagner le d\u00e9veloppement harmonieux de notre commune.<\/p>\n\n\n\n<p>En tant que d\u00e9positaire du domaine de Cheverny depuis plus de trente ans, j\u2019ai invariablement privil\u00e9gi\u00e9 l\u2019optimisation de notre outil de travail au service du public, toujours avec enthousiasme malgr\u00e9 quelques \u00e9preuves comme celle des confinements de\u00a0la crise sanitaire du Covid qui nous ont contraints de mettre nos activit\u00e9s \u00e0 l\u2019arr\u00eat pendant de tr\u00e8s longs mois. Nous avons le sentiment d\u2019en \u00eatre ressortis avec d\u2019autant plus de motivation qui doit servir non seulement nos int\u00e9r\u00eats professionnels mais aussi collectifs d\u2019o\u00f9 notre volont\u00e9 de maintenir et optimiser, \u00e0 notre \u00e9chelle, toutes les manifestations conjointes, culturelles et sportives, qui garnissent les agendas de la Commune et du Domaine de Cheverny. \u00a0<\/p>\n","protected":false},"excerpt":{"rendered":"<p>Charles-Antoine de VIBRAYE 61 ans, mari\u00e9, 3 enfants Conseiller municipal sortant, Administrateur du domaine de Cheverny Bien que ma premi\u00e8re \u00e9lection remonte d\u00e9j\u00e0 \u00e0 1995, je souhaite de nouveau mettre mon exp\u00e9rience d\u2019\u00e9lu municipal au service de mes concitoyens pour conseiller et accompagner le d\u00e9veloppement harmonieux de notre commune. En tant que d\u00e9positaire du domaine [&hellip;]<\/p>\n","protected":false},"author":1,"featured_media":0,"parent":0,"menu_order":0,"comment_status":"closed","ping_status":"closed","template":"","meta":{"footnotes":""},"class_list":["post-108","page","type-page","status-publish","hentry"],"_links":{"self":[{"href":"https:\/\/www.cheverny2026.fr\/index.php\/wp-json\/wp\/v2\/pages\/108","targetHints":{"allow":["GET"]}}],"collection":[{"href":"https:\/\/www.cheverny2026.fr\/index.php\/wp-json\/wp\/v2\/pages"}],"about":[{"href":"https:\/\/www.cheverny2026.fr\/index.php\/wp-json\/wp\/v2\/types\/page"}],"author":[{"embeddable":true,"href":"https:\/\/www.cheverny2026.fr\/index.php\/wp-json\/wp\/v2\/users\/1"}],"replies":[{"embeddable":true,"href":"https:\/\/www.cheverny2026.fr\/index.php\/wp-json\/wp\/v2\/comments?post=108"}],"version-history":[{"count":1,"href":"https:\/\/www.cheverny2026.fr\/index.php\/wp-json\/wp\/v2\/pages\/108\/revisions"}],"predecessor-version":[{"id":109,"href":"https:\/\/www.cheverny2026.fr\/index.php\/wp-json\/wp\/v2\/pages\/108\/revisions\/109"}],"wp:attachment":[{"href":"https:\/\/www.cheverny2026.fr\/index.php\/wp-json\/wp\/v2\/media?parent=108"}],"curies":[{"name":"wp","href":"https:\/\/api.w.org\/{rel}","templated":true}]}}