{"id":100,"date":"2026-02-07T14:24:40","date_gmt":"2026-02-07T14:24:40","guid":{"rendered":"https:\/\/www.cheverny2026.fr\/?page_id=100"},"modified":"2026-02-07T14:24:40","modified_gmt":"2026-02-07T14:24:40","slug":"alain-guillot","status":"publish","type":"page","link":"https:\/\/www.cheverny2026.fr\/index.php\/alain-guillot\/","title":{"rendered":"Alain GUILLOT"},"content":{"rendered":"\n<div class=\"wp-block-columns is-layout-flex wp-container-core-columns-is-layout-28f84493 wp-block-columns-is-layout-flex\">\n<div class=\"wp-block-column is-layout-flow wp-block-column-is-layout-flow\">\n<figure class=\"wp-block-image size-full\"><img loading=\"lazy\" decoding=\"async\" width=\"1024\" height=\"768\" src=\"http:\/\/www.cheverny2026.fr\/wp-content\/uploads\/2026\/02\/15-1.png\" alt=\"\" class=\"wp-image-59\" srcset=\"https:\/\/www.cheverny2026.fr\/wp-content\/uploads\/2026\/02\/15-1.png 1024w, https:\/\/www.cheverny2026.fr\/wp-content\/uploads\/2026\/02\/15-1-300x225.png 300w, https:\/\/www.cheverny2026.fr\/wp-content\/uploads\/2026\/02\/15-1-768x576.png 768w\" sizes=\"auto, (max-width: 1024px) 100vw, 1024px\" \/><\/figure>\n<\/div>\n\n\n\n<div class=\"wp-block-column is-layout-flow wp-block-column-is-layout-flow\">\n<div style=\"height:100px\" aria-hidden=\"true\" class=\"wp-block-spacer\"><\/div>\n\n\n\n<p class=\"has-large-font-size\"><strong>Alain GUILLOT<\/strong><\/p>\n\n\n\n<p>59 ans, en couple, 3 enfants<\/p>\n\n\n\n<p>Conseiller municipal sortant<\/p>\n\n\n\n<p>Cadre commercial<\/p>\n<\/div>\n<\/div>\n\n\n\n<div style=\"height:30px\" aria-hidden=\"true\" class=\"wp-block-spacer\"><\/div>\n\n\n\n<p>Durant mes cinq derniers mandats au sein de diff\u00e9rents \u00e9quipes municipales, plusieurs projets d\u2019 ampleurs ont \u00e9t\u00e9 initi\u00e9s.<\/p>\n\n\n\n<p>Certains sont sortis de terre, d\u2019autres vont bient\u00f4t prendre forme. L\u2019exp\u00e9rience acquise durant ces ann\u00e9es d\u2019\u00e9lu \u00a0m\u2019invite \u00e0 proposer ma candidature aux \u00e9lections municipal afin de continuer \u00e0 accompagner ces futures r\u00e9alisations qui seront structurantes pour notre commune.<\/p>\n","protected":false},"excerpt":{"rendered":"<p>Alain GUILLOT 59 ans, en couple, 3 enfants Conseiller municipal sortant Cadre commercial Durant mes cinq derniers mandats au sein de diff\u00e9rents \u00e9quipes municipales, plusieurs projets d\u2019 ampleurs ont \u00e9t\u00e9 initi\u00e9s. Certains sont sortis de terre, d\u2019autres vont bient\u00f4t prendre forme. L\u2019exp\u00e9rience acquise durant ces ann\u00e9es d\u2019\u00e9lu \u00a0m\u2019invite \u00e0 proposer ma candidature aux \u00e9lections municipal [&hellip;]<\/p>\n","protected":false},"author":1,"featured_media":0,"parent":0,"menu_order":0,"comment_status":"closed","ping_status":"closed","template":"","meta":{"footnotes":""},"class_list":["post-100","page","type-page","status-publish","hentry"],"_links":{"self":[{"href":"https:\/\/www.cheverny2026.fr\/index.php\/wp-json\/wp\/v2\/pages\/100","targetHints":{"allow":["GET"]}}],"collection":[{"href":"https:\/\/www.cheverny2026.fr\/index.php\/wp-json\/wp\/v2\/pages"}],"about":[{"href":"https:\/\/www.cheverny2026.fr\/index.php\/wp-json\/wp\/v2\/types\/page"}],"author":[{"embeddable":true,"href":"https:\/\/www.cheverny2026.fr\/index.php\/wp-json\/wp\/v2\/users\/1"}],"replies":[{"embeddable":true,"href":"https:\/\/www.cheverny2026.fr\/index.php\/wp-json\/wp\/v2\/comments?post=100"}],"version-history":[{"count":1,"href":"https:\/\/www.cheverny2026.fr\/index.php\/wp-json\/wp\/v2\/pages\/100\/revisions"}],"predecessor-version":[{"id":101,"href":"https:\/\/www.cheverny2026.fr\/index.php\/wp-json\/wp\/v2\/pages\/100\/revisions\/101"}],"wp:attachment":[{"href":"https:\/\/www.cheverny2026.fr\/index.php\/wp-json\/wp\/v2\/media?parent=100"}],"curies":[{"name":"wp","href":"https:\/\/api.w.org\/{rel}","templated":true}]}}